{"id":45,"date":"2013-03-05T12:44:37","date_gmt":"2013-03-05T11:44:37","guid":{"rendered":"http:\/\/acmf.omnia-corp.net\/?page_id=45"},"modified":"2023-10-05T21:45:37","modified_gmt":"2023-10-05T19:45:37","slug":"lassociation","status":"publish","type":"page","link":"https:\/\/www.mosquee-de-fosses.com\/?page_id=45","title":{"rendered":"Historique"},"content":{"rendered":"<div id=\"pl-45\"  class=\"panel-layout\" ><div id=\"pg-45-0\"  class=\"panel-grid panel-no-style\" ><div id=\"pgc-45-0-0\"  class=\"panel-grid-cell\" ><div id=\"panel-45-0-0-0\" class=\"so-panel widget widget_text panel-first-child widgetopts-SO\" data-index=\"0\" >\t\t\t<div class=\"textwidget\"><h2 style=\"text-align: center;\"><strong>Historique des associations<\/strong><\/h2>\n<p><span style=\"font-weight: 400;\">Aujourd\u2019hui, la mosqu\u00e9e de Fosses est r\u00e9gie par deux associations\u00a0:<\/span><br \/>\n<b>\u27a2<\/b><b>L\u2019Association des Musulmans de Fosses<\/b><\/p>\n<p>Cr\u00e9e en 1996<b>, l\u2019AMF <\/b><span style=\"font-weight: 400;\">a pour principale vocation de promouvoir la culture musulmane et la solidarit\u00e9 citoyenne. L\u2019AMF compte plus de <\/span><b>80 adh\u00e9rents et membres actifs<\/b><\/p>\n<p><span style=\"font-weight: 400t;\">R\u00e9gie par la <\/span><b>loi de 1901<\/b><span style=\"font-weight: 400;\">, actuellement ses principales activit\u00e9s et initiatives sont diverses\u00a0:<\/span><\/p>\n<ul>\n<li><span style=\"font-weight: 40nt;\">Cours de langue arabe et compr\u00e9hension de l\u2019islam<\/span><\/li>\n<li><span style=\"font-weight: 4ont;\">\u00a0Ev\u00e8nements : (F\u00eate de la ville, F\u00eate de quartier, Salons, foires, vide grenier)*<\/span><\/li>\n<li><span style=\"font-weight: Font;\">\u00a0Activit\u00e9s sportives: (tournoi de foot, basket, etc.)*<\/span><\/li>\n<li><span style=\"font-weight: Font;\">\u00a0Solidarit\u00e9 (collecte de v\u00eatements, distribution de repas aux plus d\u00e9munis, distribution zakat el fitr)*<\/span><\/li>\n<\/ul>\n<p>&nbsp;<\/p>\n<p><b>\u27a2<\/b><b>L\u2019Association Cultuelle des Musulmans de Fosses\u00a0<\/b><\/p>\n<p>Cr\u00e9e en 2009, <b>l\u2019ACMF <\/b><span style=\"font-weight: 400;\">a pour objet d&#8217;assurer l&#8217;exercice public du culte islamique, la pratique, la compr\u00e9hension, l&#8217;enseignement de l&#8217;islam et de subvenir aux frais et \u00e0 l\u2019entretien de ce dernier. L<\/span><span style=\"font-weight: 400;\">\u2019ACMF concerne aujourd\u2019hui plus de <\/span><b>300 familles<\/b><\/p>\n<p><span style=\"font-weight: 400;\">R\u00e9gie par la <\/span><b>loi de 1905<\/b><span style=\"font-weight: 400;\">, actuellement ses principales activit\u00e9s et initiatives s\u2019articulent autour de :<\/span><\/p>\n<ul>\n<li><span style=\"font-weight: 400;\">\u00a0L\u2019organisation des pri\u00e8res quotidiennes et de la pri\u00e8re du vendredi<\/span><\/li>\n<li><span style=\"font-weight: 400;\">\u00a0Conf\u00e9rences islamiques<\/span><\/li>\n<li><span style=\"font-weight: 400;\">\u00a0La pratique et la compr\u00e9hension de l\u2019Islam. <\/span><\/li>\n<li><span style=\"font-weight: 400;\">\u00a0Organisation \u00e9v\u00e9nements : Mois du Ramadan, F\u00eate de l\u2019A\u00efd <\/span><\/li>\n<li><span style=\"font-weight: 400;\">\u00a0Permanence sociale et religieuse<\/span><\/li>\n<\/ul>\n<p>&nbsp;<\/p>\n<\/div>\n\t\t<\/div><div id=\"panel-45-0-0-1\" class=\"so-panel widget widget_text panel-last-child widgetopts-SO\" data-index=\"1\" >\t\t\t<div class=\"textwidget\"><h2 style=\"text-align: center;\"><strong>Lieux de culte<br \/>\n<\/strong><\/h2>\n<p><span style=\"font-weight: 400;\">Les 5 pri\u00e8res quotidiennes ont lieu \u00e0 la salle de pri\u00e8re situ\u00e9e Avenue de Beaumont 95470 Fosses, sur le terrain du futur centre cultuel et \u00e9ducatif (face au parking de la gare)<br \/>\n<\/span><\/p>\n<p>Concernant la pri\u00e8re du vendredi, elle se d\u00e9roule \u00e0 partir de 13h au gymnase Nelson Mandela situ\u00e9 rue Fernand Picquette.<\/p>\n<\/div>\n\t\t<\/div><\/div><\/div><\/div>","protected":false},"excerpt":{"rendered":"<p>Historique des associations Aujourd\u2019hui, la mosqu\u00e9e de Fosses est r\u00e9gie par deux associations\u00a0: \u27a2L\u2019Association des Musulmans de Fosses Cr\u00e9e en 1996, l\u2019AMF a pour principale vocation de promouvoir la culture musulmane et la solidarit\u00e9 citoyenne. L\u2019AMF compte plus de 80 &hellip; <a href=\"https:\/\/www.mosquee-de-fosses.com\/?page_id=45\">Lire la suite\u00ad\u00ad<\/a><\/p>\n","protected":false},"author":2,"featured_media":0,"parent":0,"menu_order":0,"comment_status":"closed","ping_status":"closed","template":"","meta":{"_monsterinsights_skip_tracking":false,"_monsterinsights_sitenote_active":false,"_monsterinsights_sitenote_note":"","_monsterinsights_sitenote_category":0,"kt_blocks_editor_width":""},"_links":{"self":[{"href":"https:\/\/www.mosquee-de-fosses.com\/index.php?rest_route=\/wp\/v2\/pages\/45"}],"collection":[{"href":"https:\/\/www.mosquee-de-fosses.com\/index.php?rest_route=\/wp\/v2\/pages"}],"about":[{"href":"https:\/\/www.mosquee-de-fosses.com\/index.php?rest_route=\/wp\/v2\/types\/page"}],"author":[{"embeddable":true,"href":"https:\/\/www.mosquee-de-fosses.com\/index.php?rest_route=\/wp\/v2\/users\/2"}],"replies":[{"embeddable":true,"href":"https:\/\/www.mosquee-de-fosses.com\/index.php?rest_route=%2Fwp%2Fv2%2Fcomments&post=45"}],"version-history":[{"count":60,"href":"https:\/\/www.mosquee-de-fosses.com\/index.php?rest_route=\/wp\/v2\/pages\/45\/revisions"}],"predecessor-version":[{"id":1869,"href":"https:\/\/www.mosquee-de-fosses.com\/index.php?rest_route=\/wp\/v2\/pages\/45\/revisions\/1869"}],"wp:attachment":[{"href":"https:\/\/www.mosquee-de-fosses.com\/index.php?rest_route=%2Fwp%2Fv2%2Fmedia&parent=45"}],"curies":[{"name":"wp","href":"https:\/\/api.w.org\/{rel}","templated":true}]}}